{"id":9251,"date":"2015-09-11T13:02:46","date_gmt":"2015-09-11T13:02:46","guid":{"rendered":"http:\/\/www.elabrno.cz\/?page_id=9251"},"modified":"2021-03-10T09:13:56","modified_gmt":"2021-03-10T09:13:56","slug":"navody","status":"publish","type":"page","link":"https:\/\/www.elabrno.cz\/?page_id=9251","title":{"rendered":"N\u00e1vody"},"content":{"rendered":"\n<div class=\"wp-block-columns is-layout-flex wp-container-core-columns-is-layout-9d6595d7 wp-block-columns-is-layout-flex\">\n<div class=\"wp-block-column is-layout-flow wp-block-column-is-layout-flow\">\n<figure class=\"wp-block-table\"><table><tbody><tr><td><img decoding=\"async\" src=\"http:\/\/www.elabrno.cz\/wp-content\/uploads\/2020\/04\/MISURATORI-DI-PORTATA.png\" style=\"width: 30px;\">  <strong>Magneticko induk\u010dn\u00ed pr\u016ftokom\u011bry<\/strong><\/td><\/tr><\/tbody><\/table><\/figure>\n\n\n\n<div class=\"wp-block-file\"><a href=\"http:\/\/www.elabrno.cz\/wp-content\/uploads\/2020\/09\/MI-manual-CZ.pdf\" target=\"_blank\" rel=\"noreferrer noopener\">  MI &#8211; manu\u00e1l CZ<\/a><\/div>\n\n\n\n<div class=\"wp-block-file\"><a href=\"http:\/\/www.elabrno.cz\/wp-content\/uploads\/2021\/02\/MIA-manual-CZ.pdf\" target=\"_blank\" rel=\"noreferrer noopener\">  MIA &#8211; manu\u00e1l CZ<\/a><\/div>\n\n\n\n<div class=\"wp-block-file\"><a href=\"http:\/\/www.elabrno.cz\/wp-content\/uploads\/2020\/09\/MIE-manual-CZ.pdf\" target=\"_blank\" rel=\"noreferrer noopener\">  MIE &#8211; manu\u00e1l CZ<\/a><\/div>\n\n\n\n<div class=\"wp-block-file\"><a href=\"http:\/\/www.elabrno.cz\/wp-content\/uploads\/2020\/02\/CZ-n\u00e1vod-MQI-99-C-S.pdf\" target=\"_blank\" rel=\"noreferrer noopener\">  MQI 99 &#8211; manu\u00e1l CZ<\/a><\/div>\n\n\n\n<div class=\"wp-block-file\"><a href=\"http:\/\/www.elabrno.cz\/wp-content\/uploads\/2020\/05\/CZ-manu\u00e1l-MQI-99-SMART-C-S.pdf\" target=\"_blank\" rel=\"noreferrer noopener\">  MQI 99 &#8211; SMART &#8211;  manu\u00e1l CZ<\/a><\/div>\n\n\n\n<div class=\"wp-block-file\"><a href=\"http:\/\/www.elabrno.cz\/wp-content\/uploads\/2015\/09\/C_SI_manual.pdf\" target=\"_blank\" rel=\"noreferrer noopener\">  SI &#8211;  manu\u00e1l CZ<\/a><\/div>\n<\/div>\n\n\n\n<div class=\"wp-block-column is-layout-flow wp-block-column-is-layout-flow\">\n<figure class=\"wp-block-table\"><table><tbody><tr><td><img decoding=\"async\" src=\"http:\/\/www.elabrno.cz\/wp-content\/uploads\/2020\/04\/ultrazvukov%C3%A9-pr%C5%AFtokom%C4%9Bry.png\" style=\"width: 30px;\">  <strong>Ultrazvukov\u00e9 pr\u016ftokom\u011bry<\/strong><\/td><\/tr><\/tbody><\/table><\/figure>\n\n\n\n<div class=\"wp-block-file\"><a href=\"http:\/\/www.elabrno.cz\/wp-content\/uploads\/2020\/02\/CZ-n\u00e1vod-MQU-99-SMART-C-S.pdf\" target=\"_blank\" rel=\"noreferrer noopener\">  MQU 99 &#8211;  manu\u00e1l CZ<\/a><\/div>\n\n\n\n<div class=\"wp-block-file\"><a href=\"http:\/\/www.elabrno.cz\/wp-content\/uploads\/2020\/02\/CZ-n\u00e1vod-MQU-99-SMART-C-S.pdf\" target=\"_blank\" rel=\"noreferrer noopener\">  MQU 99 &#8211; SMART &#8211;  manu\u00e1l CZ<\/a><\/div>\n<\/div>\n\n\n\n<div class=\"wp-block-column is-layout-flow wp-block-column-is-layout-flow\">\n<figure class=\"wp-block-table\"><table><tbody><tr><td><img decoding=\"async\" src=\"http:\/\/www.elabrno.cz\/wp-content\/uploads\/2020\/04\/MISURATORI-DI-LIVELLO.png\" style=\"width: 30px;\">  <strong>Ultrazvukov\u00e9 hladinom\u011bry<\/strong><\/td><\/tr><\/tbody><\/table><\/figure>\n\n\n\n<div class=\"wp-block-file\"><a href=\"http:\/\/www.elabrno.cz\/wp-content\/uploads\/2020\/02\/CZ-manu\u00e1l-MHU-99-SMART-C-S-2014.pdf\" target=\"_blank\" rel=\"noreferrer noopener\">  MHU 99 &#8211; manu\u00e1l CZ<\/a><\/div>\n\n\n\n<div class=\"wp-block-file\"><a href=\"http:\/\/www.elabrno.cz\/wp-content\/uploads\/2020\/02\/CZ-manu\u00e1l-MHU-99-SMART-C-S-2014.pdf\" target=\"_blank\" rel=\"noreferrer noopener\">  MHU 99 &#8211; SMART &#8211; manu\u00e1l  CZ<\/a><\/div>\n\n\n\n<div class=\"wp-block-file\"><a href=\"http:\/\/www.elabrno.cz\/wp-content\/uploads\/2015\/09\/C_PU_manual_06.pdf\" target=\"_blank\" rel=\"noreferrer noopener\">  PU &#8211;  manu\u00e1l CZ<\/a><\/div>\n<\/div>\n<\/div>\n\n\n\n<div class=\"wp-block-columns is-layout-flex wp-container-core-columns-is-layout-9d6595d7 wp-block-columns-is-layout-flex\">\n<div class=\"wp-block-column is-layout-flow wp-block-column-is-layout-flow\">\n<figure class=\"wp-block-table\"><table><tbody><tr><td><img decoding=\"async\" src=\"http:\/\/www.elabrno.cz\/wp-content\/uploads\/2020\/04\/SOLUZIONI-COMPLETE-PER-MISURA-E-MONITORAGGIO.png\" style=\"width: 30px;\">  <strong>Elektrodov\u00e9 syst\u00e9my<\/strong><\/td><\/tr><\/tbody><\/table><\/figure>\n\n\n\n<div class=\"wp-block-file\"><a href=\"http:\/\/www.elabrno.cz\/wp-content\/uploads\/2015\/09\/C_el1.pdf\" target=\"_blank\" rel=\"noreferrer noopener\">EL 1, 2 &#8211;  manu\u00e1l CZ<\/a><\/div>\n\n\n\n<p><\/p>\n<\/div>\n\n\n\n<div class=\"wp-block-column is-layout-flow wp-block-column-is-layout-flow\">\n<figure class=\"wp-block-table\"><table><tbody><tr><td><img decoding=\"async\" src=\"http:\/\/www.elabrno.cz\/wp-content\/uploads\/2020\/09\/image-1.png\" alt=\"Tento obr\u00e1zek nem\u00e1 vypln\u011bn\u00fd atribut alt; n\u00e1zev souboru je image-1.png.\" style=\"width: 30px;\">  <strong>Ostan\u00ed<\/strong><\/td><\/tr><\/tbody><\/table><\/figure>\n\n\n\n<div class=\"wp-block-file\"><a href=\"http:\/\/www.elabrno.cz\/wp-content\/uploads\/2017\/10\/C_SmQIU_manual.pdf\" target=\"_blank\" rel=\"noreferrer noopener\">  SmQIU &#8211; manu\u00e1l CZ (program pro sb\u011br dat)<\/a><\/div>\n\n\n\n<div class=\"wp-block-file\"><a href=\"http:\/\/www.elabrno.cz\/wp-content\/uploads\/2015\/09\/C_SmQIU_manual.pdf\" target=\"_blank\" rel=\"noreferrer noopener\">  SmQIU &#8211; manu\u00e1l CZ (program pro sb\u011br dat &#8211; dopln\u011bk) <\/a><\/div>\n\n\n\n<div class=\"wp-block-file\"><a href=\"http:\/\/www.elabrno.cz\/wp-content\/uploads\/2015\/09\/A_MODBUS_protocol_ELA.pdf\">  MODBUS protocol &#8211; manu\u00e1l EN<\/a><\/div>\n\n\n\n<div class=\"wp-block-file\"><a href=\"http:\/\/www.elabrno.cz\/wp-content\/uploads\/2020\/01\/MODBUS-module-3.5-Rev-A-1.pdf\" target=\"_blank\" rel=\"noreferrer noopener\">  MODBUS module 3.5 &#8211; manu\u00e1l   EN<\/a><\/div>\n<\/div>\n\n\n\n<div class=\"wp-block-column is-layout-flow wp-block-column-is-layout-flow\"><\/div>\n<\/div>\n\n\n\n<p><\/p>\n","protected":false},"excerpt":{"rendered":"<p>Magneticko induk\u010dn\u00ed pr\u016ftokom\u011bry Ultrazvukov\u00e9 pr\u016ftokom\u011bry Ultrazvukov\u00e9 hladinom\u011bry Elektrodov\u00e9 syst\u00e9my Ostan\u00ed<\/p>\n","protected":false},"author":1,"featured_media":0,"parent":0,"menu_order":0,"comment_status":"closed","ping_status":"open","template":"","meta":{"footnotes":""},"class_list":["post-9251","page","type-page","status-publish","hentry"],"_links":{"self":[{"href":"https:\/\/www.elabrno.cz\/index.php?rest_route=\/wp\/v2\/pages\/9251","targetHints":{"allow":["GET"]}}],"collection":[{"href":"https:\/\/www.elabrno.cz\/index.php?rest_route=\/wp\/v2\/pages"}],"about":[{"href":"https:\/\/www.elabrno.cz\/index.php?rest_route=\/wp\/v2\/types\/page"}],"author":[{"embeddable":true,"href":"https:\/\/www.elabrno.cz\/index.php?rest_route=\/wp\/v2\/users\/1"}],"replies":[{"embeddable":true,"href":"https:\/\/www.elabrno.cz\/index.php?rest_route=%2Fwp%2Fv2%2Fcomments&post=9251"}],"version-history":[{"count":0,"href":"https:\/\/www.elabrno.cz\/index.php?rest_route=\/wp\/v2\/pages\/9251\/revisions"}],"wp:attachment":[{"href":"https:\/\/www.elabrno.cz\/index.php?rest_route=%2Fwp%2Fv2%2Fmedia&parent=9251"}],"curies":[{"name":"wp","href":"https:\/\/api.w.org\/{rel}","templated":true}]}}