{"id":9207,"date":"2015-09-01T11:07:24","date_gmt":"2015-09-01T11:07:24","guid":{"rendered":"http:\/\/www.elabrno.cz\/?page_id=9207"},"modified":"2017-10-31T11:59:15","modified_gmt":"2017-10-31T11:59:15","slug":"software-2","status":"publish","type":"page","link":"https:\/\/www.elabrno.cz\/?page_id=9207","title":{"rendered":"Software"},"content":{"rendered":"<div id=\"content\">\n<p style=\"text-align: right;\"><a href=\"http:\/\/www.elabrno.cz\/cs\/poptavky\/\" target=\"_blank\" rel=\"noopener\"><strong><span style=\"color: #01367A;\"> VYTVO\u0158IT POPT\u00c1VKU<\/span><\/strong><\/a><\/p>\n<p><strong>Komunika\u010dn\u00ed SW pro sb\u011br dat SmQI a SmQU<\/strong><\/p>\n<p><strong>Oblast pou\u017eit\u00ed<\/strong><\/p>\n<ul class=\"float\">\n<li>postupn\u00e1, vzd\u00e1len\u00e1 komunikace a\u017e s 255 ks m\u011b\u0159idel ELA z jednoho PC (PDA, noteboku apod.)<\/li>\n<li>zobrazen\u00ed aktu\u00e1ln\u00edho stavu displeje pr\u016ftokom\u011br\u016f a hladinom\u011br\u016f ELA<\/li>\n<li>ulo\u017een\u00ed, archivace, tisk a export nam\u011b\u0159en\u00fdch dat za \u00fa\u010delem: statistika, fakturace apod.<\/li>\n<li>servisn\u00ed a revizn\u00ed \u010dinnost<\/li>\n<\/ul>\n<hr \/>\n<p><strong>Z\u00e1kladn\u00ed funkce programu SmQI, SmQU<\/strong><\/p>\n<ul>\n<li>Soub\u011b\u017en\u00e9 zobrazen\u00ed hodnot displeje z \u0159\u00edd\u00edc\u00ed jednotky na vzd\u00e1len\u00fd PC<div id='gallery-1' class='gallery galleryid-9207 gallery-columns-9 gallery-size-thumbnail'><dl class='gallery-item'>\n\t\t\t<dt class='gallery-icon landscape'>\n\t\t\t\t<a href='https:\/\/www.elabrno.cz\/?attachment_id=9615'><img loading=\"lazy\" decoding=\"async\" width=\"140\" height=\"105\" src=\"https:\/\/www.elabrno.cz\/wp-content\/uploads\/2017\/10\/1-3-140x105.jpg\" class=\"attachment-thumbnail size-thumbnail\" alt=\"\" srcset=\"https:\/\/www.elabrno.cz\/wp-content\/uploads\/2017\/10\/1-3-140x105.jpg 140w, https:\/\/www.elabrno.cz\/wp-content\/uploads\/2017\/10\/1-3-300x224.jpg 300w, https:\/\/www.elabrno.cz\/wp-content\/uploads\/2017\/10\/1-3.jpg 599w\" sizes=\"auto, (max-width: 140px) 100vw, 140px\" \/><\/a>\n\t\t\t<\/dt><\/dl>\n\t\t\t<br style='clear: both' \/>\n\t\t<\/div>\n<\/li>\n<li>P\u0159enos a ulo\u017een\u00ed archivovan\u00fdch dat z \u0159\u00edd\u00edc\u00ed jednotky MQI, MQU na disk PC<div id='gallery-2' class='gallery galleryid-9207 gallery-columns-9 gallery-size-thumbnail'><dl class='gallery-item'>\n\t\t\t<dt class='gallery-icon landscape'>\n\t\t\t\t<a href='https:\/\/www.elabrno.cz\/?attachment_id=9616'><img loading=\"lazy\" decoding=\"async\" width=\"140\" height=\"104\" src=\"https:\/\/www.elabrno.cz\/wp-content\/uploads\/2017\/10\/2-3-140x104.jpg\" class=\"attachment-thumbnail size-thumbnail\" alt=\"\" srcset=\"https:\/\/www.elabrno.cz\/wp-content\/uploads\/2017\/10\/2-3-140x104.jpg 140w, https:\/\/www.elabrno.cz\/wp-content\/uploads\/2017\/10\/2-3-300x223.jpg 300w, https:\/\/www.elabrno.cz\/wp-content\/uploads\/2017\/10\/2-3-600x446.jpg 600w, https:\/\/www.elabrno.cz\/wp-content\/uploads\/2017\/10\/2-3.jpg 601w\" sizes=\"auto, (max-width: 140px) 100vw, 140px\" \/><\/a>\n\t\t\t<\/dt><\/dl>\n\t\t\t<br style='clear: both' \/>\n\t\t<\/div>\n<\/li>\n<li>Zpracov\u00e1n\u00ed ulo\u017een\u00fdch dat na PC a zobrazen\u00ed v grafick\u00e9 nebo \u010d\u00edseln\u00e9 podob\u011b na monitoru s v\u00fdstupem na tisk\u00e1rnu<div id='gallery-3' class='gallery galleryid-9207 gallery-columns-9 gallery-size-thumbnail'><dl class='gallery-item'>\n\t\t\t<dt class='gallery-icon portrait'>\n\t\t\t\t<a href='https:\/\/www.elabrno.cz\/?attachment_id=9617'><img loading=\"lazy\" decoding=\"async\" width=\"101\" height=\"140\" src=\"https:\/\/www.elabrno.cz\/wp-content\/uploads\/2017\/10\/3-3-101x140.jpg\" class=\"attachment-thumbnail size-thumbnail\" alt=\"\" srcset=\"https:\/\/www.elabrno.cz\/wp-content\/uploads\/2017\/10\/3-3-101x140.jpg 101w, https:\/\/www.elabrno.cz\/wp-content\/uploads\/2017\/10\/3-3-216x300.jpg 216w, https:\/\/www.elabrno.cz\/wp-content\/uploads\/2017\/10\/3-3.jpg 456w\" sizes=\"auto, (max-width: 101px) 100vw, 101px\" \/><\/a>\n\t\t\t<\/dt><\/dl>\n\t\t\t<br style='clear: both' \/>\n\t\t<\/div>\n<\/li>\n<li>Export ulo\u017een\u00fdch dat do souboru (CSV) &#8211; mo\u017enost zpracov\u00e1n\u00ed (nap\u0159. excel) dle vlastn\u00edch po\u017eadavk\u016f a standard\u016f pro vizualizaci na PC<div id='gallery-4' class='gallery galleryid-9207 gallery-columns-9 gallery-size-thumbnail'><dl class='gallery-item'>\n\t\t\t<dt class='gallery-icon landscape'>\n\t\t\t\t<a href='https:\/\/www.elabrno.cz\/?attachment_id=9618'><img loading=\"lazy\" decoding=\"async\" width=\"140\" height=\"121\" src=\"https:\/\/www.elabrno.cz\/wp-content\/uploads\/2017\/10\/4-1-140x121.jpg\" class=\"attachment-thumbnail size-thumbnail\" alt=\"\" srcset=\"https:\/\/www.elabrno.cz\/wp-content\/uploads\/2017\/10\/4-1-140x121.jpg 140w, https:\/\/www.elabrno.cz\/wp-content\/uploads\/2017\/10\/4-1-300x259.jpg 300w, https:\/\/www.elabrno.cz\/wp-content\/uploads\/2017\/10\/4-1.jpg 625w\" sizes=\"auto, (max-width: 140px) 100vw, 140px\" \/><\/a>\n\t\t\t<\/dt><\/dl>\n\t\t\t<br style='clear: both' \/>\n\t\t<\/div>\n<\/li>\n<\/ul>\n<hr \/>\n<p class=\"cleaner\"><strong>Z\u00e1kladn\u00ed \u00fadaje jednotliv\u00fdch p\u0159enosov\u00fdch s\u00edt\u00ed<\/strong><\/p>\n<table>\n<tbody>\n<tr>\n<th align=\"left\">Typ komunikace<\/th>\n<th>RS 232<\/th>\n<th>RS 485<\/th>\n<th>Bluetooth<\/th>\n<\/tr>\n<tr>\n<td>Zaru\u010den\u00fd maxim\u00e1ln\u00ed dosah<\/td>\n<td>10\u00a0m<\/td>\n<td>500\u00a0m<\/td>\n<td>100\u00a0m p\u0159\u00edm\u00e1 viditelnost, 10 m &#8211; 15 m v budov\u011b<\/td>\n<\/tr>\n<tr>\n<td>Typ p\u0159enosu<\/td>\n<td>datov\u00e1 linka 3 vodi\u010d<\/td>\n<td>datov\u00e1 linka 2 vodi\u010d<\/td>\n<td>Bluetooth 2.0-IEEE 802.15.1., t\u0159\u00edda 1, radiov\u00e9 rozhran\u00ed ISM 2,4 GHz, profil SPP<\/td>\n<\/tr>\n<tr>\n<td>V\u00fdstupn\u00ed rozhran\u00ed v \u0159\u00edd\u00edc\u00ed jednotce ELA<\/td>\n<td>RxD=svorka7, (vstup) TxD=svorka8, (v\u00fdstup) GND=svorka7, (zem) &#8211; nebo standard CANON9<\/td>\n<td>A=svorka7 B=svorka8<\/td>\n<td>v\u0161esm\u011brov\u00e1 ant\u00e9na 2 dBi, polarizace vertik\u00e1ln\u00ed-line\u00e1rn\u00ed<\/td>\n<\/tr>\n<tr>\n<td>Komunikace mezi PC(master) a ELA produkty(slave)<\/td>\n<td>dvoubodov\u00e1(point-to-point)<\/td>\n<td>postupn\u00e1, mnohabodov\u00e1-32(point-to-multipoint)<\/td>\n<td>postupn\u00e1, mnohabodov\u00e1-255(point-to-multipoint)<\/td>\n<\/tr>\n<tr>\n<td>Po\u017eadavky na syst\u00e9m PC<\/td>\n<td colspan=\"4\">WIN XP &#8211; WIN 10, port slu\u010diteln\u00fd s RS 232, USB verze 2.0<\/td>\n<\/tr>\n<\/tbody>\n<\/table>\n<hr \/>\n<p><strong>Grafick\u00e9 sch\u00e9ma dostupn\u00fdch komunikac\u00ed pro p\u0159enos a sb\u011br dat &#8211; ELA<\/strong><\/p>\n<div id='gallery-5' class='gallery galleryid-9207 gallery-columns-9 gallery-size-thumbnail'><dl class='gallery-item'>\n\t\t\t<dt class='gallery-icon landscape'>\n\t\t\t\t<a href='https:\/\/www.elabrno.cz\/?attachment_id=9621'><img loading=\"lazy\" decoding=\"async\" width=\"140\" height=\"140\" src=\"https:\/\/www.elabrno.cz\/wp-content\/uploads\/2015\/09\/105-140x140.jpg\" class=\"attachment-thumbnail size-thumbnail\" alt=\"\" srcset=\"https:\/\/www.elabrno.cz\/wp-content\/uploads\/2015\/09\/105-140x140.jpg 140w, https:\/\/www.elabrno.cz\/wp-content\/uploads\/2015\/09\/105-300x300.jpg 300w, https:\/\/www.elabrno.cz\/wp-content\/uploads\/2015\/09\/105.jpg 663w\" sizes=\"auto, (max-width: 140px) 100vw, 140px\" \/><\/a>\n\t\t\t<\/dt><\/dl>\n\t\t\t<br style='clear: both' \/>\n\t\t<\/div>\n\n<p>&nbsp;<\/p>\n<hr \/>\n<p>&nbsp;<\/p>\n","protected":false},"excerpt":{"rendered":"<p>VYTVO\u0158IT POPT\u00c1VKU Komunika\u010dn\u00ed SW pro sb\u011br dat SmQI a SmQU Oblast pou\u017eit\u00ed postupn\u00e1, vzd\u00e1len\u00e1 komunikace a\u017e s 255 ks m\u011b\u0159idel ELA z jednoho PC (PDA, noteboku apod.) zobrazen\u00ed aktu\u00e1ln\u00edho stavu displeje pr\u016ftokom\u011br\u016f a hladinom\u011br\u016f ELA ulo\u017een\u00ed, archivace, tisk a export nam\u011b\u0159en\u00fdch dat za \u00fa\u010delem: statistika, fakturace apod. servisn\u00ed a revizn\u00ed \u010dinnost Z\u00e1kladn\u00ed funkce programu SmQI, SmQU Soub\u011b\u017en\u00e9 zobrazen\u00ed hodnot displeje<\/p>\n<div class=\"read-more\"><a class=\"more-link\" href=\"https:\/\/www.elabrno.cz\/?page_id=9207\">Read More &#8230;<\/a><\/div>\n","protected":false},"author":1,"featured_media":0,"parent":0,"menu_order":0,"comment_status":"closed","ping_status":"open","template":"","meta":{"footnotes":""},"class_list":["post-9207","page","type-page","status-publish","hentry"],"_links":{"self":[{"href":"https:\/\/www.elabrno.cz\/index.php?rest_route=\/wp\/v2\/pages\/9207","targetHints":{"allow":["GET"]}}],"collection":[{"href":"https:\/\/www.elabrno.cz\/index.php?rest_route=\/wp\/v2\/pages"}],"about":[{"href":"https:\/\/www.elabrno.cz\/index.php?rest_route=\/wp\/v2\/types\/page"}],"author":[{"embeddable":true,"href":"https:\/\/www.elabrno.cz\/index.php?rest_route=\/wp\/v2\/users\/1"}],"replies":[{"embeddable":true,"href":"https:\/\/www.elabrno.cz\/index.php?rest_route=%2Fwp%2Fv2%2Fcomments&post=9207"}],"version-history":[{"count":1,"href":"https:\/\/www.elabrno.cz\/index.php?rest_route=\/wp\/v2\/pages\/9207\/revisions"}],"predecessor-version":[{"id":9613,"href":"https:\/\/www.elabrno.cz\/index.php?rest_route=\/wp\/v2\/pages\/9207\/revisions\/9613"}],"wp:attachment":[{"href":"https:\/\/www.elabrno.cz\/index.php?rest_route=%2Fwp%2Fv2%2Fmedia&parent=9207"}],"curies":[{"name":"wp","href":"https:\/\/api.w.org\/{rel}","templated":true}]}}