{"id":9157,"date":"2015-07-29T09:31:00","date_gmt":"2015-07-29T09:31:00","guid":{"rendered":"http:\/\/www.elabrno.cz\/?page_id=9157"},"modified":"2018-03-26T19:26:11","modified_gmt":"2018-03-26T19:26:11","slug":"mqi-99","status":"publish","type":"page","link":"https:\/\/www.elabrno.cz\/?page_id=9157","title":{"rendered":"MQI 99 &#8211; SMART"},"content":{"rendered":"<div id=\"content\">\n<div id=\"content\">\n<p style=\"text-align: right;\"><a href=\"http:\/\/www.elabrno.cz\/cs\/poptavky\/\" target=\"_blank\" rel=\"noopener\"><strong><span style=\"color:#01367A;\"> VYTVO\u0158IT POPT\u00c1VKU<\/span><\/strong><\/a><\/p>\n<hr \/>\n<p><strong>P\u0159ednosti<\/strong><\/p>\n<\/div>\n<ul class=\"cleaner\">\n<li>v\u00fdkonn\u00e1 \u0159\u00edd\u00edc\u00ed jednotka pro mnoho aplikac\u00ed<\/li>\n<li>plastov\u00fd (ni\u017e\u0161\u00ed cena) kryt \u0159\u00edd\u00edc\u00ed jednotky, odoln\u00fd kryt sn\u00edma\u010de<\/li>\n<\/ul>\n<p><strong>Oblast pou\u017eit\u00ed<\/strong><\/p>\n<ul class=\"cleaner\">\n<li>vodn\u00ed hospod\u00e1\u0159stv\u00ed<\/li>\n<li>stroj\u00edrenstv\u00ed<\/li>\n<li>energetika<\/li>\n<li>potravin\u00e1\u0159stv\u00ed<\/li>\n<li>zem\u011bd\u011blstv\u00ed<\/li>\n<\/ul>\n<hr \/>\n<p><strong>P\u0159\u00edklad sestavy \u0159\u00edd\u00edc\u00ed jednotky a odd\u011blen\u00fd p\u0159\u00edrubov\u00fd nebo speci\u00e1ln\u00ed sn\u00edma\u010d<\/strong><\/p>\n<div id='gallery-1' class='gallery galleryid-9157 gallery-columns-9 gallery-size-thumbnail'><dl class='gallery-item'>\n\t\t\t<dt class='gallery-icon landscape'>\n\t\t\t\t<a href='https:\/\/www.elabrno.cz\/wp-content\/uploads\/2017\/10\/3-1.jpg'><img loading=\"lazy\" decoding=\"async\" width=\"140\" height=\"140\" src=\"https:\/\/www.elabrno.cz\/wp-content\/uploads\/2017\/10\/3-1-140x140.jpg\" class=\"attachment-thumbnail size-thumbnail\" alt=\"\" srcset=\"https:\/\/www.elabrno.cz\/wp-content\/uploads\/2017\/10\/3-1-140x140.jpg 140w, https:\/\/www.elabrno.cz\/wp-content\/uploads\/2017\/10\/3-1-300x300.jpg 300w, https:\/\/www.elabrno.cz\/wp-content\/uploads\/2017\/10\/3-1-768x768.jpg 768w, https:\/\/www.elabrno.cz\/wp-content\/uploads\/2017\/10\/3-1-1024x1024.jpg 1024w\" sizes=\"auto, (max-width: 140px) 100vw, 140px\" \/><\/a>\n\t\t\t<\/dt><\/dl><dl class='gallery-item'>\n\t\t\t<dt class='gallery-icon landscape'>\n\t\t\t\t<a href='https:\/\/www.elabrno.cz\/wp-content\/uploads\/2017\/10\/6.jpg'><img loading=\"lazy\" decoding=\"async\" width=\"140\" height=\"140\" src=\"https:\/\/www.elabrno.cz\/wp-content\/uploads\/2017\/10\/6-140x140.jpg\" class=\"attachment-thumbnail size-thumbnail\" alt=\"\" srcset=\"https:\/\/www.elabrno.cz\/wp-content\/uploads\/2017\/10\/6-140x140.jpg 140w, https:\/\/www.elabrno.cz\/wp-content\/uploads\/2017\/10\/6-300x300.jpg 300w, https:\/\/www.elabrno.cz\/wp-content\/uploads\/2017\/10\/6-768x768.jpg 768w, https:\/\/www.elabrno.cz\/wp-content\/uploads\/2017\/10\/6-1024x1024.jpg 1024w\" sizes=\"auto, (max-width: 140px) 100vw, 140px\" \/><\/a>\n\t\t\t<\/dt><\/dl><dl class='gallery-item'>\n\t\t\t<dt class='gallery-icon landscape'>\n\t\t\t\t<a href='https:\/\/www.elabrno.cz\/wp-content\/uploads\/2017\/10\/7.jpg'><img loading=\"lazy\" decoding=\"async\" width=\"140\" height=\"140\" src=\"https:\/\/www.elabrno.cz\/wp-content\/uploads\/2017\/10\/7-140x140.jpg\" class=\"attachment-thumbnail size-thumbnail\" alt=\"\" srcset=\"https:\/\/www.elabrno.cz\/wp-content\/uploads\/2017\/10\/7-140x140.jpg 140w, https:\/\/www.elabrno.cz\/wp-content\/uploads\/2017\/10\/7-300x300.jpg 300w, https:\/\/www.elabrno.cz\/wp-content\/uploads\/2017\/10\/7-768x768.jpg 768w, https:\/\/www.elabrno.cz\/wp-content\/uploads\/2017\/10\/7-1024x1024.jpg 1024w\" sizes=\"auto, (max-width: 140px) 100vw, 140px\" \/><\/a>\n\t\t\t<\/dt><\/dl><dl class='gallery-item'>\n\t\t\t<dt class='gallery-icon landscape'>\n\t\t\t\t<a href='https:\/\/www.elabrno.cz\/wp-content\/uploads\/2017\/10\/4.jpg'><img loading=\"lazy\" decoding=\"async\" width=\"140\" height=\"140\" src=\"https:\/\/www.elabrno.cz\/wp-content\/uploads\/2017\/10\/4-140x140.jpg\" class=\"attachment-thumbnail size-thumbnail\" alt=\"\" srcset=\"https:\/\/www.elabrno.cz\/wp-content\/uploads\/2017\/10\/4-140x140.jpg 140w, https:\/\/www.elabrno.cz\/wp-content\/uploads\/2017\/10\/4-300x300.jpg 300w, https:\/\/www.elabrno.cz\/wp-content\/uploads\/2017\/10\/4-768x768.jpg 768w, https:\/\/www.elabrno.cz\/wp-content\/uploads\/2017\/10\/4-1024x1024.jpg 1024w\" sizes=\"auto, (max-width: 140px) 100vw, 140px\" \/><\/a>\n\t\t\t<\/dt><\/dl><dl class='gallery-item'>\n\t\t\t<dt class='gallery-icon landscape'>\n\t\t\t\t<a href='https:\/\/www.elabrno.cz\/wp-content\/uploads\/2017\/10\/10.jpg'><img loading=\"lazy\" decoding=\"async\" width=\"140\" height=\"140\" src=\"https:\/\/www.elabrno.cz\/wp-content\/uploads\/2017\/10\/10-140x140.jpg\" class=\"attachment-thumbnail size-thumbnail\" alt=\"\" srcset=\"https:\/\/www.elabrno.cz\/wp-content\/uploads\/2017\/10\/10-140x140.jpg 140w, https:\/\/www.elabrno.cz\/wp-content\/uploads\/2017\/10\/10-300x300.jpg 300w, https:\/\/www.elabrno.cz\/wp-content\/uploads\/2017\/10\/10-768x768.jpg 768w, https:\/\/www.elabrno.cz\/wp-content\/uploads\/2017\/10\/10-1024x1024.jpg 1024w\" sizes=\"auto, (max-width: 140px) 100vw, 140px\" \/><\/a>\n\t\t\t<\/dt><\/dl>\n\t\t\t<br style='clear: both' \/>\n\t\t<\/div>\n\n<p><strong>Praktick\u00e1 mont\u00e1\u017e<\/strong><\/p>\n<\/div>\n<div id='gallery-2' class='gallery galleryid-9157 gallery-columns-5 gallery-size-thumbnail'><dl class='gallery-item'>\n\t\t\t<dt class='gallery-icon portrait'>\n\t\t\t\t<a href='https:\/\/www.elabrno.cz\/?attachment_id=9331'><img loading=\"lazy\" decoding=\"async\" width=\"105\" height=\"140\" src=\"https:\/\/www.elabrno.cz\/wp-content\/uploads\/2015\/09\/Sokolnice_28.11.13-105x140.jpg\" class=\"attachment-thumbnail size-thumbnail\" alt=\"\" srcset=\"https:\/\/www.elabrno.cz\/wp-content\/uploads\/2015\/09\/Sokolnice_28.11.13-105x140.jpg 105w, https:\/\/www.elabrno.cz\/wp-content\/uploads\/2015\/09\/Sokolnice_28.11.13-225x300.jpg 225w, https:\/\/www.elabrno.cz\/wp-content\/uploads\/2015\/09\/Sokolnice_28.11.13-768x1024.jpg 768w, https:\/\/www.elabrno.cz\/wp-content\/uploads\/2015\/09\/Sokolnice_28.11.13.jpg 1536w\" sizes=\"auto, (max-width: 105px) 100vw, 105px\" \/><\/a>\n\t\t\t<\/dt><\/dl><dl class='gallery-item'>\n\t\t\t<dt class='gallery-icon landscape'>\n\t\t\t\t<a href='https:\/\/www.elabrno.cz\/?attachment_id=9437'><img loading=\"lazy\" decoding=\"async\" width=\"140\" height=\"105\" src=\"https:\/\/www.elabrno.cz\/wp-content\/uploads\/2017\/10\/p\u0159\u00edklad-mont\u00e1\u017ee-140x105.jpg\" class=\"attachment-thumbnail size-thumbnail\" alt=\"\" srcset=\"https:\/\/www.elabrno.cz\/wp-content\/uploads\/2017\/10\/p\u0159\u00edklad-mont\u00e1\u017ee-140x105.jpg 140w, https:\/\/www.elabrno.cz\/wp-content\/uploads\/2017\/10\/p\u0159\u00edklad-mont\u00e1\u017ee-300x225.jpg 300w, https:\/\/www.elabrno.cz\/wp-content\/uploads\/2017\/10\/p\u0159\u00edklad-mont\u00e1\u017ee.jpg 640w\" sizes=\"auto, (max-width: 140px) 100vw, 140px\" \/><\/a>\n\t\t\t<\/dt><\/dl><dl class='gallery-item'>\n\t\t\t<dt class='gallery-icon landscape'>\n\t\t\t\t<a href='https:\/\/www.elabrno.cz\/?attachment_id=9344'><img loading=\"lazy\" decoding=\"async\" width=\"140\" height=\"105\" src=\"https:\/\/www.elabrno.cz\/wp-content\/uploads\/2015\/09\/Vut-Brno-140x105.jpg\" class=\"attachment-thumbnail size-thumbnail\" alt=\"\" srcset=\"https:\/\/www.elabrno.cz\/wp-content\/uploads\/2015\/09\/Vut-Brno-140x105.jpg 140w, https:\/\/www.elabrno.cz\/wp-content\/uploads\/2015\/09\/Vut-Brno-300x225.jpg 300w, https:\/\/www.elabrno.cz\/wp-content\/uploads\/2015\/09\/Vut-Brno.jpg 500w\" sizes=\"auto, (max-width: 140px) 100vw, 140px\" \/><\/a>\n\t\t\t<\/dt><\/dl>\n\t\t\t<br style='clear: both' \/>\n\t\t<\/div>\n\n<hr \/>\n<p><strong>\u00a0Technick\u00e9 \u00fadaje \u0159\u00eddic\u00ed jednotky<\/strong><\/p>\n<table>\n<tbody>\n<tr>\n<th><\/th>\n<th>MQI 99 &#8211; SMART<\/th>\n<\/tr>\n<tr>\n<td>Elektrick\u00e1 vodivost m\u00e9dia<\/td>\n<td>\u22655\u00a0\u00b5S\/cm, pro demineralizovanou vodu \u226520\u00a0\u00b5S\/cm<\/td>\n<\/tr>\n<tr>\n<td>Vstupn\u00ed odpor<\/td>\n<td>\u226510\u00b710\u00a0Ohm\u016f<\/td>\n<\/tr>\n<tr>\n<td>P\u0159esnost m\u011b\u0159en\u00ed<\/td>\n<td>0,3\u00a0% z\u00a0m\u011b\u0159en\u00e9 hodnoty v rozsahu 10 \u00f7 100\u00a0% Qmax<\/td>\n<\/tr>\n<tr>\n<td>Filtrace m\u011b\u0159en\u00ed<\/td>\n<td>nastaviteln\u00e1 ve v\u00edce re\u017eimech<\/td>\n<\/tr>\n<tr>\n<td>Potla\u010den\u00ed mal\u00fdch pr\u016ftok\u016f<\/td>\n<td>nastaviteln\u00e9 po 0,1\u00a0%<\/td>\n<\/tr>\n<tr>\n<td>Sm\u011br pr\u016ftok\u016f<\/td>\n<td>oboustrann\u00e9 m\u011b\u0159en\u00ed rozli\u0161en\u00e9 znam\u00e9nkem<\/td>\n<\/tr>\n<tr>\n<td>Nulov\u00fd pr\u016ftok<\/td>\n<td>automatick\u00e9 nastaven\u00ed nulov\u00e9ho bodu<\/td>\n<\/tr>\n<tr>\n<td>Z\u00e1znam \u00fadaj\u016f<\/td>\n<td>archivace protekl\u00e9ho mno\u017estv\u00ed i\u00a0p\u0159i v\u00fdpadk\u016f nap\u00e1jen\u00ed<\/td>\n<\/tr>\n<tr>\n<td>Statistika<\/td>\n<td>5 minutov\u00e9 \u2014\u00a0hodinov\u00e9 \u2014\u00a0denn\u00ed \u2014\u00a0m\u011bs\u00ed\u010dn\u00ed po dobu 4 m\u011bs\u00edc\u016f<\/td>\n<\/tr>\n<tr>\n<td>Re\u00e1ln\u00fd \u010das<\/td>\n<td>hodiny s kalend\u00e1\u0159em v\u010detn\u011b p\u0159estupn\u00fdch rok\u016f do r. 2099<\/td>\n<\/tr>\n<tr>\n<td>Zobrazen\u00ed veli\u010din<\/td>\n<td>alfanumerick\u00fd displej LCD, 2 \u00d7 16 znak\u016f s\u00a0prosv\u011btlen\u00edm<\/td>\n<\/tr>\n<tr>\n<td>Ovl\u00e1d\u00e1n\u00ed<\/td>\n<td>kl\u00e1vesnice se \u010dty\u0159mi tla\u010d\u00edtky<\/td>\n<\/tr>\n<tr>\n<td>Programovateln\u00e9 funkce<\/td>\n<td>detekce pr\u00e1zdn\u00e9ho potrub\u00ed<\/td>\n<\/tr>\n<tr>\n<td>Analogov\u00fd v\u00fdstup (aktivn\u00ed)<\/td>\n<td>galvanicky odd\u011blen\u00fd 4(0) \u00f7 20\u00a0mA, (0 \u00f7 30\u00a0mA) \/ 300 Ohm\u016f<\/td>\n<\/tr>\n<tr>\n<td>Impulsn\u00ed v\u00fdstup (1\u00d7 rel\u00e9)<\/td>\n<td>protekl\u00e9 mno\u017estv\u00ed (x\u00b7m\u00b3) na impuls<\/td>\n<\/tr>\n<tr>\n<td>Bin\u00e1rn\u00ed v\u00fdstup (3\u00d7 rel\u00e9)<\/td>\n<td>na objedn\u00e1vku (bezinduk\u010dn\u00ed z\u00e1t\u011b\u017e) 30\u00a0V\/2\u00a0A\/DC^125\u00a0V\/0,5\u00a0A\/AC<\/td>\n<\/tr>\n<tr>\n<td>Frekven\u010dn\u00ed v\u00fdstup (otev\u0159en\u00fd kolektor)<\/td>\n<td>na objedn\u00e1vku jmenovit\u00fd rozsah 1\u00a0kHz\/TTL<\/td>\n<\/tr>\n<tr>\n<td>Komunika\u010dn\u00ed v\u00fdstup (datov\u00fd)<\/td>\n<td>na objedn\u00e1vku RS 232 C \/ RS 485, voliteln\u00e1 rychlost, protokol ELA<\/td>\n<\/tr>\n<tr>\n<td>Nap\u00e1jen\u00ed<\/td>\n<td>85 &#8211; 260 VAC 50\/60 Hz, 24 VDC, na objedn\u00e1vku 9 &#8211; 36 VDC +10 %\/-15%, 10 VA<\/td>\n<\/tr>\n<tr>\n<td>Kryt\u00ed<\/td>\n<td>IP\u00a065 (NEMA 3)<\/td>\n<\/tr>\n<tr>\n<td>Teplota prost\u0159ed\u00ed<\/td>\n<td>\u221220\u00a0\u00b0C a\u017e +50\u00a0\u00b0C<\/td>\n<\/tr>\n<tr>\n<td>Rozm\u011bry (v\u00fd\u0161ka \u00d7 \u0161\u00ed\u0159ka \u00d7 hloubka)<\/td>\n<td>210 \u00d7 160 \u00d7 115\u00a0mm<\/td>\n<\/tr>\n<tr>\n<td>Materi\u00e1l p\u0159\u00edstrojov\u00e9 sk\u0159\u00edn\u011b<\/td>\n<td>plast = ABS<\/td>\n<\/tr>\n<tr>\n<td>Hmotnost<\/td>\n<td>2,0\u00a0kg<\/td>\n<\/tr>\n<tr>\n<td>Kabelov\u00e9 v\u00fdvodky<\/td>\n<td>3\u00a0ks PG\u00a011 (na objedn\u00e1vku + 2x PG 11)<\/td>\n<\/tr>\n<\/tbody>\n<\/table>\n<p class=\"img popisek\"><strong>\u00a0Z\u00e1kladn\u00ed rozm\u011bry<\/strong><\/p>\n<div>\n<div id='gallery-3' class='gallery galleryid-9157 gallery-columns-5 gallery-size-thumbnail'><dl class='gallery-item'>\n\t\t\t<dt class='gallery-icon landscape'>\n\t\t\t\t<a href='https:\/\/www.elabrno.cz\/?attachment_id=9438'><img loading=\"lazy\" decoding=\"async\" width=\"140\" height=\"104\" src=\"https:\/\/www.elabrno.cz\/wp-content\/uploads\/2017\/10\/rozm\u011bry-140x104.jpg\" class=\"attachment-thumbnail size-thumbnail\" alt=\"\" srcset=\"https:\/\/www.elabrno.cz\/wp-content\/uploads\/2017\/10\/rozm\u011bry-140x104.jpg 140w, https:\/\/www.elabrno.cz\/wp-content\/uploads\/2017\/10\/rozm\u011bry-300x222.jpg 300w, https:\/\/www.elabrno.cz\/wp-content\/uploads\/2017\/10\/rozm\u011bry.jpg 663w\" sizes=\"auto, (max-width: 140px) 100vw, 140px\" \/><\/a>\n\t\t\t<\/dt><\/dl><dl class='gallery-item'>\n\t\t\t<dt class='gallery-icon landscape'>\n\t\t\t\t<a href='https:\/\/www.elabrno.cz\/?attachment_id=9491'><img loading=\"lazy\" decoding=\"async\" width=\"140\" height=\"136\" src=\"https:\/\/www.elabrno.cz\/wp-content\/uploads\/2017\/10\/61_663-140x136.jpg\" class=\"attachment-thumbnail size-thumbnail\" alt=\"\" srcset=\"https:\/\/www.elabrno.cz\/wp-content\/uploads\/2017\/10\/61_663-140x136.jpg 140w, https:\/\/www.elabrno.cz\/wp-content\/uploads\/2017\/10\/61_663-300x292.jpg 300w, https:\/\/www.elabrno.cz\/wp-content\/uploads\/2017\/10\/61_663.jpg 663w\" sizes=\"auto, (max-width: 140px) 100vw, 140px\" \/><\/a>\n\t\t\t<\/dt><\/dl>\n\t\t\t<br style='clear: both' \/>\n\t\t<\/div>\n\n<\/div>\n<hr class=\"cleaner\" \/>\n<p><strong>Technick\u00e9 \u00fadaje p\u0159\u00edrubov\u00fdch sn\u00edma\u010d\u016f<\/strong><\/p>\n<table>\n<tbody>\n<tr>\n<th>Varianty p\u0159\u00edrubov\u00fdch sn\u00edma\u010d\u016f<\/th>\n<th>proveden\u00ed 1<\/th>\n<th>proveden\u00ed 2<\/th>\n<th>proveden\u00ed 3<\/th>\n<\/tr>\n<tr>\n<td>Princip \u0159\u00edzen\u00ed<\/td>\n<td colspan=\"3\">pulsn\u00ed DC<\/td>\n<\/tr>\n<tr>\n<td>P\u0159ipojovac\u00ed kabel<\/td>\n<td colspan=\"3\">standard 8 m, na objedn\u00e1vku 16, 24, 32, 40, 48 m, kabel nelze prodlu\u017eovat bez konzultace s v\u00fdrobcem<\/td>\n<\/tr>\n<tr>\n<td>Konstrukce<\/td>\n<td colspan=\"3\">kompletn\u011b sva\u0159ovan\u00e1 z\u00a0uhl\u00edkov\u00e9 oceli<\/td>\n<\/tr>\n<tr>\n<td>Sv\u011btlost<\/td>\n<td colspan=\"3\">DN 10 \u00f7 1000<\/td>\n<\/tr>\n<tr>\n<td>Mont\u00e1\u017en\u00ed spojen\u00ed<\/td>\n<td colspan=\"3\">p\u0159\u00edrubov\u00e9 DIN, ANSI, BS<\/td>\n<\/tr>\n<tr>\n<td>Kryt\u00ed<\/td>\n<td colspan=\"3\">IP\u00a067 \/ NEMA\u00a05 (IP\u00a068 \/ NEMA\u00a06)<\/td>\n<\/tr>\n<tr>\n<td>Materi\u00e1l m\u011brn\u00e9 trubice<\/td>\n<td colspan=\"3\">nerezov\u00e1 ocel<\/td>\n<\/tr>\n<tr>\n<td>Materi\u00e1l krytu sn\u00edma\u010de<\/td>\n<td colspan=\"3\">uhl\u00edkov\u00e1 (nerezov\u00e1) ocel, povrchov\u00e1 \u00faprava STANDARD-akrylmetalov\u00fd v\u00edceslo\u017ekov\u00fd lak<\/td>\n<\/tr>\n<tr>\n<td>Materi\u00e1l p\u0159\u00edrub<\/td>\n<td colspan=\"3\">uhl\u00edkov\u00e1 (nerezov\u00e1) ocel<\/td>\n<\/tr>\n<tr>\n<td>Zemn\u00ed krou\u017eky<\/td>\n<td colspan=\"3\">DN 10 \u00f7 DN 40 na objedn\u00e1vku pro mont\u00e1\u017e v plastov\u00e9m potrub\u00ed<\/td>\n<\/tr>\n<tr>\n<td>Materi\u00e1l sn\u00edmac\u00edch elektrod<\/td>\n<td colspan=\"3\">nerezov\u00e1 ocel (titan, hastelloy, platina)<\/td>\n<\/tr>\n<tr>\n<td>Materi\u00e1l v\u00fdstelky<\/td>\n<td>tvrd\u00e1 guma<\/td>\n<td>m\u011bkk\u00e1 guma<\/td>\n<td>teflon PTFE<\/td>\n<\/tr>\n<tr>\n<td>Maxim\u00e1ln\u00ed teplota m\u00e9dia *<\/td>\n<td>90\u00a0\u00b0C<\/td>\n<td>90\u00a0\u00b0C<\/td>\n<td>130\u00a0\u00b0C<\/td>\n<\/tr>\n<tr>\n<td>Standardn\u00ed tlakov\u00e9 zat\u00ed\u017een\u00ed<br \/>\nTlakov\u00e1 \u0159ada **<\/td>\n<td>1,6\u00a0MPa<br \/>\n0,6 \/ 1,0 \/ 2,5 \/ 4,0 MPa<\/td>\n<td>1,6\u00a0MPa<br \/>\n0,6 \/ 1,0 \/ 2,5 \/ 4,0 MPa<\/td>\n<td>1,6\u00a0MPa<br \/>\n0,6 \/ 1,0 \/ 2,5 MPa<\/td>\n<\/tr>\n<\/tbody>\n<\/table>\n<p>* Maxim\u00e1ln\u00ed teplotu m\u011b\u0159en\u00e9ho m\u00e9dia konzultujte s\u00a0v\u00fdrobcem<br \/>\n** Konstrukce sn\u00edma\u010de a typ p\u0159\u00edruby z\u00e1vis\u00ed na maxim\u00e1ln\u00edm po\u017eadovan\u00e9m tlaku m\u00e9dia<\/p>\n<hr \/>\n<p><strong>Technick\u00e9 \u00fadaje speci\u00e1ln\u00edch sn\u00edma\u010d\u016f<\/strong><\/p>\n<table>\n<tbody>\n<tr>\n<th>Varianty speci\u00e1ln\u00edch sn\u00edma\u010d\u016f<\/th>\n<th>proveden\u00ed 1<\/th>\n<th>proveden\u00ed 2<\/th>\n<th>proveden\u00ed 3<\/th>\n<\/tr>\n<tr>\n<td>Princip \u0159\u00edzen\u00ed<\/td>\n<td colspan=\"3\">pulsn\u00ed DC<\/td>\n<\/tr>\n<tr>\n<td>P\u0159ipojovac\u00ed kabel<\/td>\n<td colspan=\"3\">standard 8 m, na objedn\u00e1vku 16, 24, 32, 40, 48 m, kabel nelze prodlu\u017eovat bez konzultace s v\u00fdrobcem<\/td>\n<\/tr>\n<tr>\n<td>Konstrukce<\/td>\n<td colspan=\"3\">kompletn\u011b sva\u0159ovan\u00e1 z\u00a0uhl\u00edkov\u00e9 oceli<\/td>\n<\/tr>\n<tr>\n<td>Sv\u011btlost<\/td>\n<td colspan=\"3\">DN 10 \u00f7 1000<\/td>\n<\/tr>\n<tr>\n<td>Mont\u00e1\u017en\u00ed spojen\u00ed<\/td>\n<td colspan=\"3\">speci\u00e1ln\u00ed p\u0159ipojen\u00ed na objedn\u00e1vku, bez p\u0159\u00edrubov\u00e9<\/td>\n<\/tr>\n<tr>\n<td>Kryt\u00ed<\/td>\n<td colspan=\"3\">IP\u00a067 \/ NEMA\u00a05 (IP\u00a068 \/ NEMA\u00a06)<\/td>\n<\/tr>\n<tr>\n<td>Materi\u00e1l m\u011brn\u00e9 trubice<\/td>\n<td colspan=\"3\">nerezov\u00e1 ocel<\/td>\n<\/tr>\n<tr>\n<td>Materi\u00e1l krytu sn\u00edma\u010de<\/td>\n<td colspan=\"3\">uhl\u00edkov\u00e1 (nerezov\u00e1) ocel<\/td>\n<\/tr>\n<tr>\n<td>Materi\u00e1l p\u0159\u00edrub<\/td>\n<td colspan=\"3\">na objedn\u00e1vku<\/td>\n<\/tr>\n<tr>\n<td>Zemn\u00ed krou\u017eky<\/td>\n<td colspan=\"3\">DN 10 \u00f7 DN 40 na objedn\u00e1vku pro mont\u00e1\u017e v plastov\u00e9m potrub\u00ed<\/td>\n<\/tr>\n<tr>\n<td>Materi\u00e1l sn\u00edmac\u00edch elektrod<\/td>\n<td colspan=\"3\">nerezov\u00e1 ocel (titan, hastelloy, platina)<\/td>\n<\/tr>\n<tr>\n<td>Materi\u00e1l v\u00fdstelky<\/td>\n<td>tvrd\u00e1 guma<\/td>\n<td>m\u011bkk\u00e1 guma<\/td>\n<td>teflon PTFE<\/td>\n<\/tr>\n<tr>\n<td>Maxim\u00e1ln\u00ed teplota m\u00e9dia *<\/td>\n<td>90\u00a0\u00b0C<\/td>\n<td>90\u00a0\u00b0C<\/td>\n<td>130\u00a0\u00b0C<\/td>\n<\/tr>\n<tr>\n<td>Standardn\u00ed tlakov\u00e9 zat\u00ed\u017een\u00ed<br \/>\nTlakov\u00e1 \u0159ada **<\/td>\n<td>1,0\u00a0MPa<br \/>\n0,6 \/ 1,0 MPa<\/td>\n<td>1,0\u00a0MPa<br \/>\n0,6 \/ 1,0 \/ MPa<\/td>\n<td>1,0\u00a0MPa<br \/>\n0,6 \/ 1,0 MPa<\/td>\n<\/tr>\n<\/tbody>\n<\/table>\n<p>* Maxim\u00e1ln\u00ed teplotu m\u011b\u0159en\u00e9ho m\u00e9dia konzultujte s\u00a0v\u00fdrobcem<br \/>\n** Konstrukce sn\u00edma\u010de a typ p\u0159\u00edruby z\u00e1vis\u00ed na maxim\u00e1ln\u00edm po\u017eadovan\u00e9m tlaku m\u00e9dia<\/p>\n<hr class=\"cleaner\" \/>\n<div class=\"img popisek\"><\/div>\n","protected":false},"excerpt":{"rendered":"<p>VYTVO\u0158IT POPT\u00c1VKU P\u0159ednosti v\u00fdkonn\u00e1 \u0159\u00edd\u00edc\u00ed jednotka pro mnoho aplikac\u00ed plastov\u00fd (ni\u017e\u0161\u00ed cena) kryt \u0159\u00edd\u00edc\u00ed jednotky, odoln\u00fd kryt sn\u00edma\u010de Oblast pou\u017eit\u00ed vodn\u00ed hospod\u00e1\u0159stv\u00ed stroj\u00edrenstv\u00ed energetika potravin\u00e1\u0159stv\u00ed zem\u011bd\u011blstv\u00ed P\u0159\u00edklad sestavy \u0159\u00edd\u00edc\u00ed jednotky a odd\u011blen\u00fd p\u0159\u00edrubov\u00fd nebo speci\u00e1ln\u00ed sn\u00edma\u010d Praktick\u00e1 mont\u00e1\u017e \u00a0Technick\u00e9 \u00fadaje \u0159\u00eddic\u00ed jednotky MQI 99 &#8211; SMART Elektrick\u00e1 vodivost m\u00e9dia \u22655\u00a0\u00b5S\/cm, pro demineralizovanou vodu \u226520\u00a0\u00b5S\/cm Vstupn\u00ed odpor \u226510\u00b710\u00a0Ohm\u016f P\u0159esnost m\u011b\u0159en\u00ed 0,3\u00a0%<\/p>\n<div class=\"read-more\"><a class=\"more-link\" href=\"https:\/\/www.elabrno.cz\/?page_id=9157\">Read More &#8230;<\/a><\/div>\n","protected":false},"author":1,"featured_media":0,"parent":0,"menu_order":0,"comment_status":"closed","ping_status":"open","template":"","meta":{"footnotes":""},"class_list":["post-9157","page","type-page","status-publish","hentry"],"_links":{"self":[{"href":"https:\/\/www.elabrno.cz\/index.php?rest_route=\/wp\/v2\/pages\/9157","targetHints":{"allow":["GET"]}}],"collection":[{"href":"https:\/\/www.elabrno.cz\/index.php?rest_route=\/wp\/v2\/pages"}],"about":[{"href":"https:\/\/www.elabrno.cz\/index.php?rest_route=\/wp\/v2\/types\/page"}],"author":[{"embeddable":true,"href":"https:\/\/www.elabrno.cz\/index.php?rest_route=\/wp\/v2\/users\/1"}],"replies":[{"embeddable":true,"href":"https:\/\/www.elabrno.cz\/index.php?rest_route=%2Fwp%2Fv2%2Fcomments&post=9157"}],"version-history":[{"count":0,"href":"https:\/\/www.elabrno.cz\/index.php?rest_route=\/wp\/v2\/pages\/9157\/revisions"}],"wp:attachment":[{"href":"https:\/\/www.elabrno.cz\/index.php?rest_route=%2Fwp%2Fv2%2Fmedia&parent=9157"}],"curies":[{"name":"wp","href":"https:\/\/api.w.org\/{rel}","templated":true}]}}