{"id":10020,"date":"2019-04-29T12:41:45","date_gmt":"2019-04-29T12:41:45","guid":{"rendered":"http:\/\/www.elabrno.cz\/?page_id=10020"},"modified":"2019-10-02T11:56:13","modified_gmt":"2019-10-02T11:56:13","slug":"mia","status":"publish","type":"page","link":"https:\/\/www.elabrno.cz\/?page_id=10020","title":{"rendered":"MIA"},"content":{"rendered":"<div id=\"content\">\n<div id=\"content\">\n<p style=\"text-align: right;\"><a href=\"http:\/\/www.elabrno.cz\/cs\/poptavky\/\" target=\"_blank\" rel=\"noopener\"><strong><span style=\"color: #01367a;\"> VYTVO\u0158IT POPT\u00c1VKU<\/span><\/strong><\/a><\/p>\n<hr \/>\n<p><strong>P\u0159ednosti<\/strong><\/p>\n<\/div>\n<ul class=\"cleaner\">\n<li>\u00dasporn\u00e9 bezdisplejov\u00e9 \u0159e\u0161en\u00ed<\/li>\n<li>Kompaktn\u00ed i odd\u011blen\u00e9 proveden\u00ed<\/li>\n<li>\u0160irok\u00e9 mo\u017enosti procesn\u00edho p\u0159ipojen\u00ed<\/li>\n<li>Volba materi\u00e1l\u016f v\u00fdstelek a elektrod<\/li>\n<li>Kryt\u00ed IP68 v odd\u011blen\u00e9m proveden\u00ed s\u00a0nerezov\u00fdm sn\u00edma\u010dem nebo krytem<\/li>\n<li>Detekce pr\u00e1zdn\u00e9ho potrub\u00ed<\/li>\n<li>Vhodn\u00fd pro d\u00e1vkovac\u00ed aplikace<\/li>\n<li>Komunikace RS 485 \/ MODBUS RTU<\/li>\n<li>Analogov\u00fd v\u00fdstup 4-20 mA<\/li>\n<li>Impulsn\u00ed v\u00fdstup<\/li>\n<li>Frekven\u010dn\u00ed v\u00fdstup<\/li>\n<\/ul>\n<p><strong>Oblast pou\u017eit\u00ed<\/strong><\/p>\n<ul class=\"cleaner\">\n<li>Vodn\u00ed hospod\u00e1\u0159stv\u00ed<\/li>\n<li>Chemick\u00fd pr\u016fmysl<\/li>\n<li>Potravin\u00e1\u0159stv\u00ed<\/li>\n<li>Stroj\u00edrenstv\u00ed<\/li>\n<li>Zem\u011bd\u011blstv\u00ed<\/li>\n<li>Energetika<\/li>\n<\/ul>\n<hr \/>\n<p><strong>Fotogalerie produktu<\/strong><\/p>\n<div id='gallery-1' class='gallery galleryid-10020 gallery-columns-9 gallery-size-thumbnail'><dl class='gallery-item'>\n\t\t\t<dt class='gallery-icon portrait'>\n\t\t\t\t<a href='https:\/\/www.elabrno.cz\/wp-content\/uploads\/2019\/09\/MIA-C.png'><img loading=\"lazy\" decoding=\"async\" width=\"102\" height=\"140\" src=\"https:\/\/www.elabrno.cz\/wp-content\/uploads\/2019\/09\/MIA-C-102x140.png\" class=\"attachment-thumbnail size-thumbnail\" alt=\"\" aria-describedby=\"gallery-1-10054\" srcset=\"https:\/\/www.elabrno.cz\/wp-content\/uploads\/2019\/09\/MIA-C-102x140.png 102w, https:\/\/www.elabrno.cz\/wp-content\/uploads\/2019\/09\/MIA-C-218x300.png 218w, https:\/\/www.elabrno.cz\/wp-content\/uploads\/2019\/09\/MIA-C-768x1056.png 768w, https:\/\/www.elabrno.cz\/wp-content\/uploads\/2019\/09\/MIA-C-745x1024.png 745w, https:\/\/www.elabrno.cz\/wp-content\/uploads\/2019\/09\/MIA-C.png 870w\" sizes=\"auto, (max-width: 102px) 100vw, 102px\" \/><\/a>\n\t\t\t<\/dt>\n\t\t\t\t<dd class='wp-caption-text gallery-caption' id='gallery-1-10054'>\n\t\t\t\tMIA &#8211; C (kompatn\u00ed proveden\u00ed)\n\t\t\t\t<\/dd><\/dl><dl class='gallery-item'>\n\t\t\t<dt class='gallery-icon portrait'>\n\t\t\t\t<a href='https:\/\/www.elabrno.cz\/wp-content\/uploads\/2019\/09\/MIA-S.png'><img loading=\"lazy\" decoding=\"async\" width=\"83\" height=\"140\" src=\"https:\/\/www.elabrno.cz\/wp-content\/uploads\/2019\/09\/MIA-S-83x140.png\" class=\"attachment-thumbnail size-thumbnail\" alt=\"\" aria-describedby=\"gallery-1-10055\" srcset=\"https:\/\/www.elabrno.cz\/wp-content\/uploads\/2019\/09\/MIA-S-83x140.png 83w, https:\/\/www.elabrno.cz\/wp-content\/uploads\/2019\/09\/MIA-S-177x300.png 177w, https:\/\/www.elabrno.cz\/wp-content\/uploads\/2019\/09\/MIA-S-768x1298.png 768w, https:\/\/www.elabrno.cz\/wp-content\/uploads\/2019\/09\/MIA-S-606x1024.png 606w, https:\/\/www.elabrno.cz\/wp-content\/uploads\/2019\/09\/MIA-S.png 886w\" sizes=\"auto, (max-width: 83px) 100vw, 83px\" \/><\/a>\n\t\t\t<\/dt>\n\t\t\t\t<dd class='wp-caption-text gallery-caption' id='gallery-1-10055'>\n\t\t\t\tMIA &#8211; S (odd\u011blen\u00e9 proveden\u00ed)\n\t\t\t\t<\/dd><\/dl>\n\t\t\t<br style='clear: both' \/>\n\t\t<\/div>\n\n<hr \/>\n<\/div>\n<p><strong>\u00a0Technick\u00e9 \u00fadaje <\/strong><\/p>\n<table width=\"596\">\n<tbody>\n<tr>\n<td width=\"166\">Proveden\u00ed<\/td>\n<td width=\"430\">kompaktn\u00ed, odd\u011blen\u00e9 (nap\u0159. p\u0159i instalaci sn\u00edma\u010de pod\u00a0zem nebo hladinu),<\/td>\n<\/tr>\n<tr>\n<td><\/td>\n<td>pevn\u011b vyveden\u00fd kabel, d\u00e9lka kabelu dle objedn\u00e1vky (max. 50 m)<\/td>\n<\/tr>\n<tr>\n<td>Sv\u011btlost<\/td>\n<td>p\u0159\u00edrubov\u00e9 DN 10 \u00f7 1000 mm, bezp\u0159\u00edrubov\u00e9 DN 10 \u00f7 100 mm<\/td>\n<\/tr>\n<tr>\n<td>T\u0159\u00edda izolace bud\u00edc\u00edch c\u00edvek<\/td>\n<td>E<\/td>\n<\/tr>\n<tr>\n<td>Mont\u00e1\u017en\u00ed p\u0159ipojen\u00ed<\/td>\n<td>p\u0159\u00edrubov\u00e9 DIN (ANSI, BS, JIS) \/ potravin\u00e1\u0159sk\u00e9 DIN 11 851<\/td>\n<\/tr>\n<tr>\n<td>Tlakov\u00e1 \u0159ada<\/td>\n<td>standard 1,6 MPa (0,6 \/ 1,0 \/ 2,5 \/ 4,0 MPa)<\/td>\n<\/tr>\n<tr>\n<td>V\u00fdstelka<\/td>\n<td>tvrd\u00e1 + m\u011bkk\u00e1 pry\u017e pro DN 10 \u00f7 DN 1000 \/ teflon PTFE pro DN 10 \u00f7 DN 500<\/td>\n<\/tr>\n<tr>\n<td>Sn\u00edmac\u00ed elektrody<\/td>\n<td>nerez ocel 17.348 standard (Hastelloy \/ Tantal \/ Titan \/ Platina)<\/td>\n<\/tr>\n<tr>\n<td>Kryt a p\u0159\u00edruby<\/td>\n<td>ocel t\u0159. 11 standard (nerez ocel t\u0159. 17)<\/td>\n<\/tr>\n<tr>\n<td>M\u011brn\u00e1 trubice<\/td>\n<td>nerez ocel t\u0159. 17<\/td>\n<\/tr>\n<tr>\n<td>Povrchov\u00e1 \u00faprava<\/td>\n<td>akrylmetalov\u00fd v\u00edceslo\u017ekov\u00fd lak \/ le\u0161t\u011bn\u00e1 nerezov\u00e1 ocel<\/td>\n<\/tr>\n<tr>\n<td>Kryt\u00ed sn\u00edma\u010de<\/td>\n<td>IP67 &#8211; NEMA5 (kompaktn\u00ed proveden\u00ed) \/ IP68 &#8211; NEMA6 (odd\u011blen\u00e9 proveden\u00ed)<\/td>\n<\/tr>\n<tr>\n<td>Teplota m\u011b\u0159en\u00e9ho m\u00e9dia<\/td>\n<td>kompaktn\u00ed proveden\u00ed: 0 \u00f7 90 \u00b0C<\/td>\n<\/tr>\n<tr>\n<td><\/td>\n<td>odd\u011blen\u00e9 proveden\u00ed: pry\u017e (0 \u00f7 90 \u00b0C), PTFE (-20 \u00f7 130 \u00b0C)<\/td>\n<\/tr>\n<tr>\n<td>P\u0159\u00edslu\u0161enstv\u00ed na objedn\u00e1vku<\/td>\n<td>zemn\u00edc\u00ed mezikru\u017e\u00ed pro plastov\u00e9 potrub\u00ed DN 10 \u00f7 DN 40<\/td>\n<\/tr>\n<tr>\n<td><\/td>\n<td>(pro sv\u011btlosti DN 50 \u00f7 DN 1000 jsou sn\u00edma\u010de vybaveny zemn\u00edc\u00ed elektrodou,<\/td>\n<\/tr>\n<tr>\n<td><\/td>\n<td>kter\u00e1 nahrazuje funkci zemn\u00edc\u00edho mezikru\u017e\u00ed)<\/td>\n<\/tr>\n<tr>\n<td>Speci\u00e1ln\u00ed proveden\u00ed<\/td>\n<td>potravin\u00e1\u0159sk\u00e9 nerezov\u00e9 proveden\u00ed\u00a0 \u2013\u00a0 teflonov\u00e1 v\u00fdstelka, \u0161rouben\u00ed DIN 11\u00a0851<\/td>\n<\/tr>\n<tr>\n<td><\/td>\n<td>p\u0159\u00edrubov\u00e9 proveden\u00ed s\u00a0nerezov\u00fdm krytem\u00a0 \u2013\u00a0 teflonov\u00e1 \/ pry\u017eov\u00e1 v\u00fdstelka<\/td>\n<\/tr>\n<tr>\n<td><\/td>\n<td>p\u0159\u00edrubov\u00e9 nerezov\u00e9 proveden\u00ed\u00a0 \u2013\u00a0 teflonov\u00e1 \/ pry\u017eov\u00e1 v\u00fdstelka<\/td>\n<\/tr>\n<tr>\n<td><\/td>\n<td>bezp\u0159\u00edrubov\u00e9 proveden\u00ed\u00a0 \u2013\u00a0 teflonov\u00e1 \/ pry\u017eov\u00e1 v\u00fdstelka<\/td>\n<\/tr>\n<tr>\n<td>Sm\u011br pr\u016ftoku<\/td>\n<td>obousm\u011brn\u00e9 m\u011b\u0159en\u00ed<\/td>\n<\/tr>\n<tr>\n<td>Potla\u010den\u00ed mal\u00fdch pr\u016ftok\u016f<\/td>\n<td>ano<\/td>\n<\/tr>\n<tr>\n<td>Detekce pr\u00e1zdn\u00e9ho potrub\u00ed<\/td>\n<td>ano<\/td>\n<\/tr>\n<tr>\n<td>Elektrick\u00e1 vodivost m\u00e9dia<\/td>\n<td>\u2265 5 \u00b5S\/cm, pro demineralizovanou vodu \u2265 20 \u00b5S\/cm<\/td>\n<\/tr>\n<tr>\n<td>P\u0159esnost m\u011b\u0159en\u00ed<\/td>\n<td>0,5 % z\u00a0m\u011b\u0159en\u00e9 hodnoty + 2 mm\/s (za referen\u010dn\u00edch podm\u00ednek)<\/td>\n<\/tr>\n<tr>\n<td>Komunika\u010dn\u00ed port<\/td>\n<td>RS 485, protokol MODBUS RTU (\u010dten\u00ed okam\u017eit\u00e9ho pr\u016ftoku a dal\u0161\u00edch veli\u010din,<\/td>\n<\/tr>\n<tr>\n<td><\/td>\n<td>nastaven\u00ed parametr\u016f a kalibrace)<\/td>\n<\/tr>\n<tr>\n<td>Analogov\u00fd v\u00fdstup<\/td>\n<td>pasivn\u00ed, 4-20 mA, max. 500 \u2126<\/td>\n<\/tr>\n<tr>\n<td>Impulsn\u00ed v\u00fdstup<\/td>\n<td>pasivn\u00ed, optick\u00e9 rel\u00e9, max. 30 V \/ 60 mA<\/td>\n<\/tr>\n<tr>\n<td>Frekven\u010dn\u00ed\u00a0 v\u00fdstup<\/td>\n<td>pasivn\u00ed, opto\u010dlen, max. 26,4 V DC \/ 2 mA \u2013 mo\u017enost nastaven\u00ed do 2 kHz<\/td>\n<\/tr>\n<tr>\n<td><\/td>\n<td>(pro kalibraci, d\u00e1vkovac\u00ed aplikace, apod.)<\/td>\n<\/tr>\n<tr>\n<td>Nap\u00e1jen\u00ed<\/td>\n<td>9 \u00f7 36 V DC \/ 10 W<\/td>\n<\/tr>\n<tr>\n<td>Kryt\u00ed \u0159\u00edd\u00edc\u00ed jednotky<\/td>\n<td>IP67 &#8211; NEMA5<\/td>\n<\/tr>\n<tr>\n<td>Teplota prost\u0159ed\u00ed<\/td>\n<td>-20 \u00f7 60 \u00b0C<\/td>\n<\/tr>\n<\/tbody>\n<\/table>\n<p><strong>Technick\u00e9 \u00fadaje speci\u00e1ln\u00edch sn\u00edma\u010d\u016f<\/strong><\/p>\n<table>\n<tbody>\n<tr>\n<th>Varianty speci\u00e1ln\u00edch sn\u00edma\u010d\u016f<\/th>\n<th>proveden\u00ed 1<\/th>\n<th>proveden\u00ed 2<\/th>\n<th>proveden\u00ed 3<\/th>\n<\/tr>\n<tr>\n<td>Princip \u0159\u00edzen\u00ed<\/td>\n<td colspan=\"3\">pulsn\u00ed DC<\/td>\n<\/tr>\n<tr>\n<td>P\u0159ipojovac\u00ed kabel<\/td>\n<td colspan=\"3\">standard 8 m, na objedn\u00e1vku 16, 24, 32, 40, 48 m, kabel nelze prodlu\u017eovat bez konzultace s v\u00fdrobcem<\/td>\n<\/tr>\n<tr>\n<td>Konstrukce<\/td>\n<td colspan=\"3\">kompletn\u011b sva\u0159ovan\u00e1 z\u00a0uhl\u00edkov\u00e9 oceli<\/td>\n<\/tr>\n<tr>\n<td>Sv\u011btlost<\/td>\n<td colspan=\"3\">DN 10 \u00f7 1000<\/td>\n<\/tr>\n<tr>\n<td>Mont\u00e1\u017en\u00ed spojen\u00ed<\/td>\n<td colspan=\"3\">speci\u00e1ln\u00ed p\u0159ipojen\u00ed na objedn\u00e1vku, bez p\u0159\u00edrubov\u00e9<\/td>\n<\/tr>\n<tr>\n<td>Kryt\u00ed<\/td>\n<td colspan=\"3\">IP\u00a067 \/ NEMA\u00a05 (IP\u00a068 \/ NEMA\u00a06)<\/td>\n<\/tr>\n<tr>\n<td>Materi\u00e1l m\u011brn\u00e9 trubice<\/td>\n<td colspan=\"3\">nerezov\u00e1 ocel<\/td>\n<\/tr>\n<tr>\n<td>Materi\u00e1l krytu sn\u00edma\u010de<\/td>\n<td colspan=\"3\">uhl\u00edkov\u00e1 (nerezov\u00e1) ocel<\/td>\n<\/tr>\n<tr>\n<td>Materi\u00e1l p\u0159\u00edrub<\/td>\n<td colspan=\"3\">na objedn\u00e1vku<\/td>\n<\/tr>\n<tr>\n<td>Zemn\u00ed krou\u017eky<\/td>\n<td colspan=\"3\">DN 10 \u00f7 DN 40 na objedn\u00e1vku pro mont\u00e1\u017e v plastov\u00e9m potrub\u00ed<\/td>\n<\/tr>\n<tr>\n<td>Materi\u00e1l sn\u00edmac\u00edch elektrod<\/td>\n<td colspan=\"3\">nerezov\u00e1 ocel (titan, hastelloy, platina)<\/td>\n<\/tr>\n<tr>\n<td>Materi\u00e1l v\u00fdstelky<\/td>\n<td>tvrd\u00e1 guma<\/td>\n<td>m\u011bkk\u00e1 guma<\/td>\n<td>teflon PTFE<\/td>\n<\/tr>\n<tr>\n<td>Maxim\u00e1ln\u00ed teplota m\u00e9dia *<\/td>\n<td>90\u00a0\u00b0C<\/td>\n<td>90\u00a0\u00b0C<\/td>\n<td>130\u00a0\u00b0C<\/td>\n<\/tr>\n<tr>\n<td>Standardn\u00ed tlakov\u00e9 zat\u00ed\u017een\u00ed<br \/>\nTlakov\u00e1 \u0159ada **<\/td>\n<td>1,0\u00a0MPa<br \/>\n0,6 \/ 1,0 MPa<\/td>\n<td>1,0\u00a0MPa<br \/>\n0,6 \/ 1,0 \/ MPa<\/td>\n<td>1,0\u00a0MPa<br \/>\n0,6 \/ 1,0 MPa<\/td>\n<\/tr>\n<\/tbody>\n<\/table>\n<p>* Maxim\u00e1ln\u00ed teplotu m\u011b\u0159en\u00e9ho m\u00e9dia konzultujte s\u00a0v\u00fdrobcem<br \/>\n** Konstrukce sn\u00edma\u010de a typ p\u0159\u00edruby z\u00e1vis\u00ed na maxim\u00e1ln\u00edm po\u017eadovan\u00e9m tlaku m\u00e9dia<\/p>\n<hr class=\"cleaner\" \/>\n<div class=\"img popisek\"><\/div>\n","protected":false},"excerpt":{"rendered":"<p>VYTVO\u0158IT POPT\u00c1VKU P\u0159ednosti \u00dasporn\u00e9 bezdisplejov\u00e9 \u0159e\u0161en\u00ed Kompaktn\u00ed i odd\u011blen\u00e9 proveden\u00ed \u0160irok\u00e9 mo\u017enosti procesn\u00edho p\u0159ipojen\u00ed Volba materi\u00e1l\u016f v\u00fdstelek a elektrod Kryt\u00ed IP68 v odd\u011blen\u00e9m proveden\u00ed s\u00a0nerezov\u00fdm sn\u00edma\u010dem nebo krytem Detekce pr\u00e1zdn\u00e9ho potrub\u00ed Vhodn\u00fd pro d\u00e1vkovac\u00ed aplikace Komunikace RS 485 \/ MODBUS RTU Analogov\u00fd v\u00fdstup 4-20 mA Impulsn\u00ed v\u00fdstup Frekven\u010dn\u00ed v\u00fdstup Oblast pou\u017eit\u00ed Vodn\u00ed hospod\u00e1\u0159stv\u00ed Chemick\u00fd pr\u016fmysl Potravin\u00e1\u0159stv\u00ed Stroj\u00edrenstv\u00ed Zem\u011bd\u011blstv\u00ed Energetika Fotogalerie<\/p>\n<div class=\"read-more\"><a class=\"more-link\" href=\"https:\/\/www.elabrno.cz\/?page_id=10020\">Read More &#8230;<\/a><\/div>\n","protected":false},"author":1,"featured_media":0,"parent":0,"menu_order":0,"comment_status":"closed","ping_status":"closed","template":"","meta":{"footnotes":""},"class_list":["post-10020","page","type-page","status-publish","hentry"],"_links":{"self":[{"href":"https:\/\/www.elabrno.cz\/index.php?rest_route=\/wp\/v2\/pages\/10020","targetHints":{"allow":["GET"]}}],"collection":[{"href":"https:\/\/www.elabrno.cz\/index.php?rest_route=\/wp\/v2\/pages"}],"about":[{"href":"https:\/\/www.elabrno.cz\/index.php?rest_route=\/wp\/v2\/types\/page"}],"author":[{"embeddable":true,"href":"https:\/\/www.elabrno.cz\/index.php?rest_route=\/wp\/v2\/users\/1"}],"replies":[{"embeddable":true,"href":"https:\/\/www.elabrno.cz\/index.php?rest_route=%2Fwp%2Fv2%2Fcomments&post=10020"}],"version-history":[{"count":1,"href":"https:\/\/www.elabrno.cz\/index.php?rest_route=\/wp\/v2\/pages\/10020\/revisions"}],"predecessor-version":[{"id":10086,"href":"https:\/\/www.elabrno.cz\/index.php?rest_route=\/wp\/v2\/pages\/10020\/revisions\/10086"}],"wp:attachment":[{"href":"https:\/\/www.elabrno.cz\/index.php?rest_route=%2Fwp%2Fv2%2Fmedia&parent=10020"}],"curies":[{"name":"wp","href":"https:\/\/api.w.org\/{rel}","templated":true}]}}