{"id":9759,"date":"2018-06-12T09:27:03","date_gmt":"2018-06-12T09:27:03","guid":{"rendered":"http:\/\/www.elabrno.cz\/wp-content\/uploads\/2015\/07\/odd\u011bl\u011bn\u00fd.jpg"},"modified":"2018-06-12T09:27:03","modified_gmt":"2018-06-12T09:27:03","slug":"oddeleny","status":"inherit","type":"attachment","link":"https:\/\/www.elabrno.cz\/?attachment_id=9759","title":{"rendered":"odd\u011bl\u011bn\u00fd"},"author":1,"featured_media":0,"comment_status":"closed","ping_status":"closed","template":"","meta":[],"class_list":["post-9759","attachment","type-attachment","status-inherit","hentry"],"description":{"rendered":"<p class=\"attachment\"><a href='https:\/\/www.elabrno.cz\/wp-content\/uploads\/2015\/07\/odd\u011bl\u011bn\u00fd.jpg'><img loading=\"lazy\" decoding=\"async\" width=\"284\" height=\"300\" src=\"https:\/\/www.elabrno.cz\/wp-content\/uploads\/2015\/07\/odd\u011bl\u011bn\u00fd-284x300.jpg\" class=\"attachment-medium size-medium\" alt=\"\" srcset=\"https:\/\/www.elabrno.cz\/wp-content\/uploads\/2015\/07\/odd\u011bl\u011bn\u00fd-284x300.jpg 284w, https:\/\/www.elabrno.cz\/wp-content\/uploads\/2015\/07\/odd\u011bl\u011bn\u00fd-132x140.jpg 132w, https:\/\/www.elabrno.cz\/wp-content\/uploads\/2015\/07\/odd\u011bl\u011bn\u00fd.jpg 335w\" sizes=\"auto, (max-width: 284px) 100vw, 284px\" \/><\/a><\/p>\n"},"caption":{"rendered":""},"alt_text":"","media_type":"image","mime_type":"image\/jpeg","media_details":{"width":335,"height":354,"file":"2015\/07\/odd\u011bl\u011bn\u00fd.jpg","sizes":{"thumbnail":{"file":"odd\u011bl\u011bn\u00fd-132x140.jpg","width":132,"height":140,"mime_type":"image\/jpeg","source_url":"https:\/\/www.elabrno.cz\/wp-content\/uploads\/2015\/07\/odd\u011bl\u011bn\u00fd-132x140.jpg"},"medium":{"file":"odd\u011bl\u011bn\u00fd-284x300.jpg","width":284,"height":300,"mime_type":"image\/jpeg","source_url":"https:\/\/www.elabrno.cz\/wp-content\/uploads\/2015\/07\/odd\u011bl\u011bn\u00fd-284x300.jpg"},"post-thumbnail":{"file":"odd\u011bl\u011bn\u00fd-335x270.jpg","width":335,"height":270,"mime_type":"image\/jpeg","source_url":"https:\/\/www.elabrno.cz\/wp-content\/uploads\/2015\/07\/odd\u011bl\u011bn\u00fd-335x270.jpg"},"full":{"file":"odd\u011bl\u011bn\u00fd.jpg","width":335,"height":354,"mime_type":"image\/jpeg","source_url":"https:\/\/www.elabrno.cz\/wp-content\/uploads\/2015\/07\/odd\u011bl\u011bn\u00fd.jpg"}},"image_meta":{"aperture":"0","credit":"","camera":"","caption":"","created_timestamp":"0","copyright":"","focal_length":"0","iso":"0","shutter_speed":"0","title":"","orientation":"0","keywords":[]}},"post":9093,"source_url":"https:\/\/www.elabrno.cz\/wp-content\/uploads\/2015\/07\/odd\u011bl\u011bn\u00fd.jpg","_links":{"self":[{"href":"https:\/\/www.elabrno.cz\/index.php?rest_route=\/wp\/v2\/media\/9759","targetHints":{"allow":["GET"]}}],"collection":[{"href":"https:\/\/www.elabrno.cz\/index.php?rest_route=\/wp\/v2\/media"}],"about":[{"href":"https:\/\/www.elabrno.cz\/index.php?rest_route=\/wp\/v2\/types\/attachment"}],"author":[{"embeddable":true,"href":"https:\/\/www.elabrno.cz\/index.php?rest_route=\/wp\/v2\/users\/1"}],"replies":[{"embeddable":true,"href":"https:\/\/www.elabrno.cz\/index.php?rest_route=%2Fwp%2Fv2%2Fcomments&post=9759"}]}}

http://www.elabrno.cz/wp-content/uploads/2015/07/oddělěný.jpg

oddělěný

<p class="attachment"><a href='https://www.elabrno.cz/wp-content/uploads/2015/07/oddělěný.jpg'><img loading="lazy" decoding="async" width="284" height="300" src="https://www.elabrno.cz/wp-content/uploads/2015/07/oddělěný-284x300.jpg" class="attachment-medium size-medium" alt="" srcset="https://www.elabrno.cz/wp-content/uploads/2015/07/oddělěný-284x300.jpg 284w, https://www.elabrno.cz/wp-content/uploads/2015/07/oddělěný-132x140.jpg 132w, https://www.elabrno.cz/wp-content/uploads/2015/07/oddělěný.jpg 335w" sizes="auto, (max-width: 284px) 100vw, 284px" /></a></p>

2015/07/oddělěný.jpg

oddělěný-132x140.jpg

https://www.elabrno.cz/wp-content/uploads/2015/07/oddělěný-132x140.jpg

oddělěný-284x300.jpg

https://www.elabrno.cz/wp-content/uploads/2015/07/oddělěný-284x300.jpg

oddělěný-335x270.jpg

https://www.elabrno.cz/wp-content/uploads/2015/07/oddělěný-335x270.jpg

oddělěný.jpg

https://www.elabrno.cz/wp-content/uploads/2015/07/oddělěný.jpg
